e
Is 25503 a multiple of 9?
False
Does 14 divide 314?
False
Is 2198 a multiple of 14?
True
Does 81 divide 13109?
False
Is 63 a factor of 441?
True
Is 234 a multiple of 27?
False
Is 11 a factor of 2052?
False
Is 70 a factor of 1680?
True
Is 3857 a multiple of 7?
True
Does 175 divide 58972?
False
Does 40 divide 462?
False
Does 41 divide 3362?
True
Is 5441 a multiple of 41?
False
Does 71 divide 1775?
True
Is 1405 a multiple of 24?
False
Is 19 a factor of 1748?
True
Does 5 divide 2070?
True
Is 12567 a multiple of 71?
True
Is 500 a multiple of 10?
True
Is 2601 a multiple of 17?
True
Does 17 divide 102?
True
Is 60202 a multiple of 31?
True
Does 32 divide 30272?
True
Does 100 divide 7600?
True
Is 3709 a multiple of 27?
False
Does 22 divide 198?
True
Does 142 divide 4544?
True
Does 2 divide 134?
True
Does 35 divide 6615?
True
Is 117012 a multiple of 12?
True
Is 2061 a multiple of 9?
True
Is 7 a factor of 773?
False
Is 17 a factor of 1020?
True
Does 7 divide 3346?
True
Is 37 a factor of 402?
False
Does 19 divide 17974?
True
Is 317 a multiple of 9?
False
Does 23 divide 2392?
True
Is 1320 a multiple of 88?
True
Is 801 a multiple of 89?
True
Is 9 a factor of 14078?
False
Is 67 a factor of 335?
True
Is 2995 a multiple of 12?
False
Is 1565 a multiple of 23?
False
Is 146 a multiple of 5?
False
Does 54 divide 8131?
False
Is 31 a factor of 10385?
True
Does 40 divide 8669?
False
Does 9 divide 23144?
False
Does 9 divide 7048?
False
Is 12 a factor of 948?
True
Is 18 a factor of 856?
False
Does 17 divide 2861?
False
Is 36 a factor of 13667?
False
Is 33 a factor of 2482?
False
Is 55 a factor of 550?
True
Does 18 divide 988?
False
Is 280 a factor of 6440?
True
Is 5 a factor of 2015?
True
Is 3520 a multiple of 13?
False
Does 4 divide 88?
True
Is 15 a factor of 2685?
True
Does 24 divide 739?
False
Is 38 a multiple of 38?
True
Is 3127 a multiple of 3?
False
Does 29 divide 1740?
True
Is 6629 a multiple of 53?
False
Is 4 a factor of 3800?
True
Is 1032 a multiple of 24?
True
Is 3613 a multiple of 6?
False
Is 87 a factor of 2778?
False
Does 47 divide 28670?
True
Is 17 a factor of 5551?
False
Is 696 a multiple of 87?
True
Is 28 a factor of 16488?
False
Is 43 a factor of 559?
True
Does 131 divide 92564?
False
Is 371 a multiple of 7?
True
Is 834 a multiple of 26?
False
Is 4429 a multiple of 76?
False
Does 50 divide 53800?
True
Is 40 a multiple of 5?
True
Does 10 divide 15160?
True
Is 688 a multiple of 43?
True
Is 78 a multiple of 39?
True
Is 680 a multiple of 45?
False
Does 26 divide 2327?
False
Does 150 divide 2093?
False
Is 3539 a multiple of 21?
False
Does 24 divide 48?
True
Does 2 divide 252?
True
Does 16 divide 3920?
True
Does 14 divide 90?
False
Is 13 a factor of 3270?
False
Does 229 divide 51983?
True
Is 6 a factor of 897?
False
Is 2 a factor of 164?
True
Is 11332 a multiple of 4?
True
Does 48 divide 5574?
False
Does 33 divide 20108?
False
Does 4 divide 7034?
False
Is 6 a factor of 152?
False
Is 1658 a multiple of 3?
False
Does 37 divide 1480?
True
Is 39 a factor of 5343?
True
Does 26 divide 133952?
True
Is 7750 a multiple of 31?
True
Does 8 divide 346?
False
Is 4536 even?
True
Is 15603 a multiple of 180?
False
Is 2522 a multiple of 62?
False
Is 69 a factor of 1311?
True
Is 51 a factor of 8058?
True
Is 468 a multiple of 12?
True
Does 329 divide 26369?
False
Is 5 a factor of 461?
False
Does 33 divide 398?
False
Is 5 a factor of 41?
False
Does 240 divide 22800?
True
Is 38 a factor of 7980?
True
Does 22 divide 7509?
False
Is 1621 a multiple of 98?
False
Is 791 a multiple of 58?
False
Does 5 divide 6885?
True
Does 8 divide 8850?
False
Does 8 divide 1032?
True
Is 8 a factor of 18978?
False
Does 26 divide 130?
True
Is 2887 a multiple of 10?
False
Is 35046 a multiple of 59?
True
Is 993 a multiple of 23?
False
Is 850 a multiple of 22?
False
Does 15 divide 19299?
False
Is 8360 a multiple of 19?
True
Does 5 divide 827?
False
Does 54 divide 10516?
False
Is 45 a factor of 4501?
False
Does 11 divide 1156?
False
Is 62 a factor of 25606?
True
Does 35 divide 3640?
True
Does 3 divide 1969?
False
Is 96 a multiple of 2?
True
Is 7 a factor of 2695?
True
Is 8 a factor of 20?
False
Is 183 a factor of 107055?
True
Is 12367 a multiple of 149?
True
Does 71 divide 51639?
False
Is 2496 a multiple of 8?
True
Is 5504 a multiple of 8?
True
Does 17 divide 8683?
False
Is 1968 a multiple of 48?
True
Does 18 divide 535?
False
Does 3 divide 327?
True
Is 41787 a multiple of 73?
False
Is 13 a factor of 1469?
True
Does 16 divide 914?
False
Is 65 a factor of 260?
True
Is 25 a factor of 825?
True
Is 258 a multiple of 13?
False
Is 29376 a multiple of 32?
True
Does 18 divide 2407?
False
Is 2 a factor of 88?
True
Does 20 divide 920?
True
Is 21376 a multiple of 16?
True
Is 5085 a multiple of 96?
False
Does 93 divide 1767?
True
Is 16 a factor of 766?
False
Does 22 divide 3519?
False
Does 65 divide 16380?
True
Is 30 a factor of 1845?
False
Does 13 divide 279?
False
Is 11 a factor of 23541?
False
Is 11 a factor of 232?
False
Does 15 divide 290?
False
Does 18 divide 2642?
False
Is 261 a multiple of 19?
False
Is 4201 a multiple of 55?
False
Is 2511 a multiple of 81?
True
Is 588 a multiple of 196?
True
Is 28 a factor of 2662?
False
Does 53 divide 396?
False
Does 23 divide 2461?
True
Is 5 a factor of 360?
True
Does 11 divide 18898?
True
Does 83 divide 5644?
True
Is 11399 a multiple of 18?
False
Is 3 a factor of 25?
False
Does 3 divide 97?
False
Is 15 a factor of 47850?
True
Is 25 a factor of 3445?
False
Is 3 a factor of 284?
False
Does 59 divide 3818?
False
Does 75 divide 21708?
False
Is 77 a factor of 47586?
True
Is 28222 a multiple of 274?
True
Does 28 divide 550?
False
Is 5 a factor of 123?
False
Does 30 divide 1450?
False
Is 3382 a multiple of 38?
True
Is 5078 a multiple of 62?
False
Is 2375 a multiple of 25?
True
Is 5 a factor of 45?
True
Is 3 a factor of 2092?
False
Is 60 a factor of 62282?
False
Is 121 a factor of 6897?
True
Is 27 a factor of 1589?
False
Is 1357 a multiple of 7?
False
Is 7 a factor of 5073?
False
Is 10 a factor of 4563?
False
Is 97 a factor of 2153?
False
Is 107 a multiple of 10?
False
Does 410 divide 149936?
False
Is 18 a factor of 970?
False
Does 64 divide 2592?
False
Does 5 divide 13235?
True
Is 196 a multiple of 14?
True
Is 17 a factor of 578?
True
Is 20 a factor of 539?
False
Does 23 divide 37046?
False
Does 15 divide 1650?
True
Is 5247 a multiple of 52?
False
Is 13398 a multiple of 196?
False
Is 73 a factor of 5188?
False
Is 5 a factor of 378?
False
Does 44 divide 486?
False
Is 43 a factor of 121303?
True
Does 387 divide 63855?
True
Is 16 a factor of 23?
False
Is 62021 a multiple of 91?
False
Is 83 a factor of 1079?
True
Does 17 divide 10386?
False
Is 73 a factor of 949?
True
Does 11 divide 5621?
True
Is 31 a factor of 402?
False
Is 6 a factor of 15553?
False
Does 57 divide 801?
False
Does 60 divide 7697?
False
Does 13 divide 74320?
False
Is 14077 a multiple of 45?
False
Is 39 a factor of 15366?
True
Is 293 a multiple of 31?
False
Does 97 divide 1746?
True
Is 17 a factor of 18167?
False
Is 64 a multiple of 14?
False
Is 536 a multiple of 107?
False
Does 10 divide 159?
False
Does 50 divide 198370?
False
Is 1498 a multiple of 29?
False
Is 7 a factor of 771?
False
Does 70 divide 3500?
True
Is 104 a multiple of 52?
True
Is 16300 a multiple of 7?
False
Is 763 even?
False
Is 47 a factor of 611?
True
Is 65 a factor of 27849?
False
Is 395 a multiple of 18?
False
Is 16247 a multiple of 11?
True
Is 28416 a multiple of 24?
True
Is 3 a factor of 503?
False
Is 30 a factor of 16521?
False
Is 159 a factor of 27945?
False
Is 6528 a multiple of 6?
True
Is 131 a multiple of 25?
False
Is 60 a factor of 1080?
True
Is 21994 a multiple of 67?
False
Is 42791 a multiple of 139?
False
Does 20 divide 11820?
True
Does 22 divide 381?
False
Is 91224 a multiple of 12?
True
Does 14 divide 40?
False
Is 67919 a multiple of 61?
False
Is 57 a factor of 71719?
False
Is 32 a factor of 192?
True
Is 13758 a multiple of 6?
True
Does 3 divide 129?
True
Is 19 a factor of 76?
True
Is 58656 a multiple of 26?
True
Is 22 a multiple of 16?
False
Is 19944 a multiple of 134?
False
Is 3247 a multiple of 17?
True
Does 4 divide 218?
False
Is 162 a factor of 5197?
False
Does 7 divide 301?
True
Is 2266 a multiple of 15?
False
Is 25 a fact